{"id":21,"date":"2022-08-18T11:53:04","date_gmt":"2022-08-18T11:53:04","guid":{"rendered":"https:\/\/tdwellness.dk\/?page_id=21"},"modified":"2024-03-11T22:23:36","modified_gmt":"2024-03-11T20:23:36","slug":"behandlinger","status":"publish","type":"page","link":"https:\/\/www.tdwellness.dk\/index.php\/behandlinger\/","title":{"rendered":"Behandlingsformer"},"content":{"rendered":"\n<div class=\"wp-block-columns is-layout-flex wp-container-core-columns-is-layout-9d6595d7 wp-block-columns-is-layout-flex\">\n<div class=\"wp-block-column is-vertically-aligned-top is-layout-flow wp-block-column-is-layout-flow\" style=\"flex-basis:33.33%\">\n<figure class=\"wp-block-image size-full\"><img loading=\"lazy\" decoding=\"async\" width=\"540\" height=\"720\" src=\"https:\/\/tdwellness.dk\/wp-content\/uploads\/2022\/08\/Rum2.jpg\" alt=\"\" class=\"wp-image-7\"\/><\/figure>\n\n\n\n<figure class=\"wp-block-image size-full\"><img loading=\"lazy\" decoding=\"async\" width=\"554\" height=\"720\" src=\"https:\/\/tdwellness.dk\/wp-content\/uploads\/2022\/08\/Rum1.jpg\" alt=\"\" class=\"wp-image-6\"\/><\/figure>\n\n\n\n<figure class=\"wp-block-image size-full\"><img loading=\"lazy\" decoding=\"async\" width=\"540\" height=\"720\" src=\"https:\/\/tdwellness.dk\/wp-content\/uploads\/2022\/08\/Bord.jpg\" alt=\"\" class=\"wp-image-9\"\/><\/figure>\n\n\n\n<figure class=\"wp-block-image size-full\"><img loading=\"lazy\" decoding=\"async\" width=\"405\" height=\"720\" src=\"https:\/\/tdwellness.dk\/wp-content\/uploads\/2022\/08\/Blomst.jpg\" alt=\"\" class=\"wp-image-8\"\/><\/figure>\n<\/div>\n\n\n\n<div class=\"wp-block-column is-layout-flow wp-block-column-is-layout-flow\" style=\"flex-basis:66.66%\">\n<p><strong>Manicure &amp; Pedicure:<\/strong><\/p>\n\n\n\n<p>Fjerner h\u00e5rd hud og trimmer negle samt scrub behandling.<\/p>\n\n\n\n<p><strong>Ansigtsbehandling:<\/strong><\/p>\n\n\n\n<p>Ansigtsopstrammende massage, rens og scrub behandling af ansigt. <\/p>\n\n\n\n<p><strong>Naturligt Facelift:<\/strong><\/p>\n\n\n\n<p>En massagebehandling, som naturligt toner ansigtsmuskler og forbedrer hudens struktur og blodcirkulation<\/p>\n\n\n\n<p><strong>Voksbehandling:<\/strong><\/p>\n\n\n\n<p>Voksbehandling kan anvendes til h\u00e5rfjerning p\u00e5 alle de dele af kroppen, hvor man har u\u00f8nsket h\u00e5rv\u00e6kst.<\/p>\n\n\n\n<p><strong>Traditionel Thai Massage:<\/strong><\/p>\n\n\n\n<p>Rigtig Thai massage er kendt af mange og hos os kan du genopleve de klassiske thaimassager. Vi tager udgangspunkt i , hvordan din krop og muskler har det. Du kan f\u00e5 blid, mellemh\u00e5rd og dybdeborende massage. Hj\u00e6lper og lindrer mod de fleste former for ryg-, ben- og nakkesmerter.<\/p>\n\n\n\n<p><strong>Sportsmassage:<\/strong><\/p>\n\n\n\n<p>En grundig massage, der fjerner sp\u00e6ndinger \/ \u00f8mhed og l\u00f8sner op i alle muskler. Der kan s\u00e6ttes fokus p\u00e5 individuelle behov, som sp\u00e6ndinger i nakke, skuldre, f\u00f8dder mv.<\/p>\n\n\n\n<p><strong>Oliemassage:<\/strong><\/p>\n\n\n\n<p>Afslappende massage med uds\u00f8gte, velduftende olier fra Fjern\u00f8sten. Modvirker tr\u00e6thed i hele kroppen.<\/p>\n\n\n\n<p><\/p>\n<\/div>\n<\/div>\n\n\n\n<div class=\"wp-block-columns is-layout-flex wp-container-core-columns-is-layout-9d6595d7 wp-block-columns-is-layout-flex\">\n<div class=\"wp-block-column is-layout-flow wp-block-column-is-layout-flow\"><\/div>\n<\/div>\n","protected":false},"excerpt":{"rendered":"<p>Manicure &amp; Pedicure: Fjerner h\u00e5rd hud og trimmer negle samt scrub behandling. Ansigtsbehandling: Ansigtsopstrammende massage, rens og scrub behandling af ansigt. Naturligt Facelift: En massagebehandling, som naturligt toner ansigtsmuskler og forbedrer hudens struktur og blodcirkulation Voksbehandling: Voksbehandling kan anvendes til h\u00e5rfjerning p\u00e5 alle de dele af kroppen, hvor man har u\u00f8nsket h\u00e5rv\u00e6kst. Traditionel Thai Massage: [&hellip;]<\/p>\n","protected":false},"author":1,"featured_media":0,"parent":0,"menu_order":0,"comment_status":"closed","ping_status":"closed","template":"","meta":{"footnotes":""},"class_list":["post-21","page","type-page","status-publish","hentry"],"_links":{"self":[{"href":"https:\/\/www.tdwellness.dk\/index.php\/wp-json\/wp\/v2\/pages\/21","targetHints":{"allow":["GET"]}}],"collection":[{"href":"https:\/\/www.tdwellness.dk\/index.php\/wp-json\/wp\/v2\/pages"}],"about":[{"href":"https:\/\/www.tdwellness.dk\/index.php\/wp-json\/wp\/v2\/types\/page"}],"author":[{"embeddable":true,"href":"https:\/\/www.tdwellness.dk\/index.php\/wp-json\/wp\/v2\/users\/1"}],"replies":[{"embeddable":true,"href":"https:\/\/www.tdwellness.dk\/index.php\/wp-json\/wp\/v2\/comments?post=21"}],"version-history":[{"count":12,"href":"https:\/\/www.tdwellness.dk\/index.php\/wp-json\/wp\/v2\/pages\/21\/revisions"}],"predecessor-version":[{"id":92,"href":"https:\/\/www.tdwellness.dk\/index.php\/wp-json\/wp\/v2\/pages\/21\/revisions\/92"}],"wp:attachment":[{"href":"https:\/\/www.tdwellness.dk\/index.php\/wp-json\/wp\/v2\/media?parent=21"}],"curies":[{"name":"wp","href":"https:\/\/api.w.org\/{rel}","templated":true}]}}